{"id":76422,"date":"2025-11-02T16:20:26","date_gmt":"2025-11-02T15:20:26","guid":{"rendered":"https:\/\/www.giessegi.com\/?post_type=product&#038;p=76422"},"modified":"2025-11-02T16:26:17","modified_gmt":"2025-11-02T15:26:17","slug":"artic-winter-jacke","status":"publish","type":"product","link":"https:\/\/www.giessegi.com\/de\/produkt\/artic-winter-jacke\/","title":{"rendered":"ARTIC WINTER JACKE"},"content":{"rendered":"<p class=\"p1\">Die <span class=\"s1\"><b>Artic Winter-Radjacke<\/b><\/span> wurde entwickelt, um <span class=\"s1\"><b>Schutz, W\u00e4rme und Komfort<\/b><\/span> bei extremen Witterungsbedingungen zu bieten.<\/p>\n<p class=\"p1\">Gefertigt aus <span class=\"s1\"><b>Wintdex Bi-Stretch-Fleece-Gewebe<\/b><\/span> mit <span class=\"s1\"><b>wind- und wasserdichter Membran (10.000 mm)<\/b><\/span>, sorgt sie f\u00fcr optimale Isolierung und Atmungsaktivit\u00e4t.<\/p>\n<p class=\"p3\"><b>Hauptmerkmale:<\/b><b><\/b><\/p>\n<ul>\n<li>\n<p class=\"p1\"><b>Material:<\/b><span class=\"s1\"> warmes, elastisches, angerautes Wintergewebe mit <\/span><b>10.000 mm wasserdichter und winddichter Membran<\/b><span class=\"s1\">.<\/span><\/p>\n<\/li>\n<li>\n<p class=\"p1\"><span class=\"s1\"><b>Rei\u00dfverschluss:<\/b><\/span> verdeckt, mit selbstblockierendem Schieber.<\/p>\n<\/li>\n<li>\n<p class=\"p1\"><span class=\"s1\"><b>\u00c4rmelabschluss:<\/b><\/span> Laserschnitt f\u00fcr komfortablen Sitz und Wetterschutz.<\/p>\n<\/li>\n<li>\n<p class=\"p1\"><span class=\"s1\"><b>Vorderer Saum:<\/b><\/span> mit Umschlag f\u00fcr stabilen Halt.<\/p>\n<\/li>\n<li>\n<p class=\"p1\"><b>Hinterer Saum:<\/b> <b>Laserschnitt mit Silikoneinsatz<\/b><span class=\"s1\"> f\u00fcr rutschfesten Sitz.<\/span><\/p>\n<\/li>\n<li>\n<p class=\"p1\"><span class=\"s1\"><b>Reflektierend:<\/b><\/span> Reflex-Etikett an der Seite f\u00fcr bessere Sichtbarkeit.<\/p>\n<\/li>\n<li>\n<p class=\"p1\"><b>Taschen:<\/b><span class=\"s1\"> drei offene R\u00fcckentaschen + <\/span><b>eine seitliche Rei\u00dfverschlusstasche mit wasserdichtem Futter<\/b><span class=\"s1\">.<\/span><\/p>\n<\/li>\n<\/ul>\n<p class=\"p1\">Erh\u00e4ltlich in <span class=\"s1\"><b>Gr\u00f6\u00dfen XXS\u20135XL<\/b><\/span>, bietet die <span class=\"s1\"><b>Artic Jacke<\/b><\/span> <span class=\"s1\"><b>W\u00e4rme, Witterungsschutz und Komfort<\/b><\/span> \u2013 ideal f\u00fcr anspruchsvolle Wintertouren.<\/p>\n","protected":false},"excerpt":{"rendered":"<p class=\"p1\"><b>Artic Winter-Radjacke<\/b><span class=\"s1\"> aus <\/span><b>Wintdex angerautem Bi-Stretch-Gewebe<\/b><span class=\"s1\"> mit <\/span><b>wind- und wasserdichter Membran (10.000 mm)<\/b><span class=\"s1\">.<\/span><\/p>\n<p class=\"p2\">Verdeckter Rei\u00dfverschluss, Laserschnitt-B\u00fcndchen und vier R\u00fcckentaschen, davon eine wasserdicht mit Rei\u00dfverschluss.<\/p>\n","protected":false},"featured_media":76425,"template":"","meta":[],"product_brand":[],"product_cat":[4219,4181,4183],"product_tag":[],"collezione":[],"class_list":{"0":"post-76422","1":"product","2":"type-product","3":"status-publish","4":"has-post-thumbnail","6":"product_cat-custom-de","7":"product_cat-elite-de","8":"product_cat-trikots","11":"first","12":"instock","13":"shipping-taxable","14":"product-type-simple"},"yoast_head":"<!-- This site is optimized with the Yoast SEO plugin v27.3 - https:\/\/yoast.com\/product\/yoast-seo-wordpress\/ -->\n<title>ARTIC WINTER JACKE | GSG - Giessegi<\/title>\n<meta name=\"robots\" content=\"index, follow, max-snippet:-1, max-image-preview:large, max-video-preview:-1\" \/>\n<link rel=\"canonical\" href=\"https:\/\/www.giessegi.com\/de\/produkt\/artic-winter-jacke\/\" \/>\n<meta property=\"og:locale\" content=\"de_DE\" \/>\n<meta property=\"og:type\" content=\"article\" \/>\n<meta property=\"og:title\" content=\"ARTIC WINTER JACKE | GSG - Giessegi\" \/>\n<meta property=\"og:description\" content=\"Artic Winter-Radjacke aus Wintdex angerautem Bi-Stretch-Gewebe mit wind- und wasserdichter Membran (10.000 mm). Verdeckter Rei\u00dfverschluss, Laserschnitt-B\u00fcndchen und vier R\u00fcckentaschen, davon eine wasserdicht mit Rei\u00dfverschluss.\" \/>\n<meta property=\"og:url\" content=\"https:\/\/www.giessegi.com\/de\/produkt\/artic-winter-jacke\/\" \/>\n<meta property=\"og:site_name\" content=\"GSG - Giessegi\" \/>\n<meta property=\"article:modified_time\" content=\"2025-11-02T15:26:17+00:00\" \/>\n<meta property=\"og:image\" content=\"https:\/\/www.giessegi.com\/wp-content\/uploads\/2025\/11\/10245-fr-copia.jpg\" \/>\n\t<meta property=\"og:image:width\" content=\"1000\" \/>\n\t<meta property=\"og:image:height\" content=\"1028\" \/>\n\t<meta property=\"og:image:type\" content=\"image\/jpeg\" \/>\n<meta name=\"twitter:card\" content=\"summary_large_image\" \/>\n<meta name=\"twitter:label1\" content=\"Gesch\u00e4tzte Lesezeit\" \/>\n\t<meta name=\"twitter:data1\" content=\"1\u00a0Minute\" \/>\n<script type=\"application\/ld+json\" class=\"yoast-schema-graph\">{\"@context\":\"https:\\\/\\\/schema.org\",\"@graph\":[{\"@type\":\"WebPage\",\"@id\":\"https:\\\/\\\/www.giessegi.com\\\/de\\\/produkt\\\/artic-winter-jacke\\\/\",\"url\":\"https:\\\/\\\/www.giessegi.com\\\/de\\\/produkt\\\/artic-winter-jacke\\\/\",\"name\":\"ARTIC WINTER JACKE | GSG - Giessegi\",\"isPartOf\":{\"@id\":\"https:\\\/\\\/www.giessegi.com\\\/en\\\/#website\"},\"primaryImageOfPage\":{\"@id\":\"https:\\\/\\\/www.giessegi.com\\\/de\\\/produkt\\\/artic-winter-jacke\\\/#primaryimage\"},\"image\":{\"@id\":\"https:\\\/\\\/www.giessegi.com\\\/de\\\/produkt\\\/artic-winter-jacke\\\/#primaryimage\"},\"thumbnailUrl\":\"https:\\\/\\\/www.giessegi.com\\\/wp-content\\\/uploads\\\/2025\\\/11\\\/10245-fr-copia.jpg\",\"datePublished\":\"2025-11-02T15:20:26+00:00\",\"dateModified\":\"2025-11-02T15:26:17+00:00\",\"breadcrumb\":{\"@id\":\"https:\\\/\\\/www.giessegi.com\\\/de\\\/produkt\\\/artic-winter-jacke\\\/#breadcrumb\"},\"inLanguage\":\"de\",\"potentialAction\":[{\"@type\":\"ReadAction\",\"target\":[\"https:\\\/\\\/www.giessegi.com\\\/de\\\/produkt\\\/artic-winter-jacke\\\/\"]}]},{\"@type\":\"ImageObject\",\"inLanguage\":\"de\",\"@id\":\"https:\\\/\\\/www.giessegi.com\\\/de\\\/produkt\\\/artic-winter-jacke\\\/#primaryimage\",\"url\":\"https:\\\/\\\/www.giessegi.com\\\/wp-content\\\/uploads\\\/2025\\\/11\\\/10245-fr-copia.jpg\",\"contentUrl\":\"https:\\\/\\\/www.giessegi.com\\\/wp-content\\\/uploads\\\/2025\\\/11\\\/10245-fr-copia.jpg\",\"width\":1000,\"height\":1028},{\"@type\":\"BreadcrumbList\",\"@id\":\"https:\\\/\\\/www.giessegi.com\\\/de\\\/produkt\\\/artic-winter-jacke\\\/#breadcrumb\",\"itemListElement\":[{\"@type\":\"ListItem\",\"position\":1,\"name\":\"Home\",\"item\":\"https:\\\/\\\/www.giessegi.com\\\/\"},{\"@type\":\"ListItem\",\"position\":2,\"name\":\"Products\",\"item\":\"https:\\\/\\\/www.giessegi.com\\\/en\\\/shop\\\/\"},{\"@type\":\"ListItem\",\"position\":3,\"name\":\"ARTIC WINTER JACKE\"}]},{\"@type\":\"WebSite\",\"@id\":\"https:\\\/\\\/www.giessegi.com\\\/en\\\/#website\",\"url\":\"https:\\\/\\\/www.giessegi.com\\\/en\\\/\",\"name\":\"Giessegi\",\"description\":\"\",\"publisher\":{\"@id\":\"https:\\\/\\\/www.giessegi.com\\\/en\\\/#organization\"},\"potentialAction\":[{\"@type\":\"SearchAction\",\"target\":{\"@type\":\"EntryPoint\",\"urlTemplate\":\"https:\\\/\\\/www.giessegi.com\\\/en\\\/?s={search_term_string}\"},\"query-input\":{\"@type\":\"PropertyValueSpecification\",\"valueRequired\":true,\"valueName\":\"search_term_string\"}}],\"inLanguage\":\"de\"},{\"@type\":\"Organization\",\"@id\":\"https:\\\/\\\/www.giessegi.com\\\/en\\\/#organization\",\"name\":\"Giessegi\",\"url\":\"https:\\\/\\\/www.giessegi.com\\\/en\\\/\",\"logo\":{\"@type\":\"ImageObject\",\"inLanguage\":\"de\",\"@id\":\"https:\\\/\\\/www.giessegi.com\\\/en\\\/#\\\/schema\\\/logo\\\/image\\\/\",\"url\":\"https:\\\/\\\/www.giessegi.com\\\/wp-content\\\/uploads\\\/2022\\\/09\\\/giessegi-logo.jpeg\",\"contentUrl\":\"https:\\\/\\\/www.giessegi.com\\\/wp-content\\\/uploads\\\/2022\\\/09\\\/giessegi-logo.jpeg\",\"width\":175,\"height\":77,\"caption\":\"Giessegi\"},\"image\":{\"@id\":\"https:\\\/\\\/www.giessegi.com\\\/en\\\/#\\\/schema\\\/logo\\\/image\\\/\"}}]}<\/script>\n<!-- \/ Yoast SEO plugin. -->","yoast_head_json":{"title":"ARTIC WINTER JACKE | GSG - Giessegi","robots":{"index":"index","follow":"follow","max-snippet":"max-snippet:-1","max-image-preview":"max-image-preview:large","max-video-preview":"max-video-preview:-1"},"canonical":"https:\/\/www.giessegi.com\/de\/produkt\/artic-winter-jacke\/","og_locale":"de_DE","og_type":"article","og_title":"ARTIC WINTER JACKE | GSG - Giessegi","og_description":"Artic Winter-Radjacke aus Wintdex angerautem Bi-Stretch-Gewebe mit wind- und wasserdichter Membran (10.000 mm). Verdeckter Rei\u00dfverschluss, Laserschnitt-B\u00fcndchen und vier R\u00fcckentaschen, davon eine wasserdicht mit Rei\u00dfverschluss.","og_url":"https:\/\/www.giessegi.com\/de\/produkt\/artic-winter-jacke\/","og_site_name":"GSG - Giessegi","article_modified_time":"2025-11-02T15:26:17+00:00","og_image":[{"width":1000,"height":1028,"url":"https:\/\/www.giessegi.com\/wp-content\/uploads\/2025\/11\/10245-fr-copia.jpg","type":"image\/jpeg"}],"twitter_card":"summary_large_image","twitter_misc":{"Gesch\u00e4tzte Lesezeit":"1\u00a0Minute"},"schema":{"@context":"https:\/\/schema.org","@graph":[{"@type":"WebPage","@id":"https:\/\/www.giessegi.com\/de\/produkt\/artic-winter-jacke\/","url":"https:\/\/www.giessegi.com\/de\/produkt\/artic-winter-jacke\/","name":"ARTIC WINTER JACKE | GSG - Giessegi","isPartOf":{"@id":"https:\/\/www.giessegi.com\/en\/#website"},"primaryImageOfPage":{"@id":"https:\/\/www.giessegi.com\/de\/produkt\/artic-winter-jacke\/#primaryimage"},"image":{"@id":"https:\/\/www.giessegi.com\/de\/produkt\/artic-winter-jacke\/#primaryimage"},"thumbnailUrl":"https:\/\/www.giessegi.com\/wp-content\/uploads\/2025\/11\/10245-fr-copia.jpg","datePublished":"2025-11-02T15:20:26+00:00","dateModified":"2025-11-02T15:26:17+00:00","breadcrumb":{"@id":"https:\/\/www.giessegi.com\/de\/produkt\/artic-winter-jacke\/#breadcrumb"},"inLanguage":"de","potentialAction":[{"@type":"ReadAction","target":["https:\/\/www.giessegi.com\/de\/produkt\/artic-winter-jacke\/"]}]},{"@type":"ImageObject","inLanguage":"de","@id":"https:\/\/www.giessegi.com\/de\/produkt\/artic-winter-jacke\/#primaryimage","url":"https:\/\/www.giessegi.com\/wp-content\/uploads\/2025\/11\/10245-fr-copia.jpg","contentUrl":"https:\/\/www.giessegi.com\/wp-content\/uploads\/2025\/11\/10245-fr-copia.jpg","width":1000,"height":1028},{"@type":"BreadcrumbList","@id":"https:\/\/www.giessegi.com\/de\/produkt\/artic-winter-jacke\/#breadcrumb","itemListElement":[{"@type":"ListItem","position":1,"name":"Home","item":"https:\/\/www.giessegi.com\/"},{"@type":"ListItem","position":2,"name":"Products","item":"https:\/\/www.giessegi.com\/en\/shop\/"},{"@type":"ListItem","position":3,"name":"ARTIC WINTER JACKE"}]},{"@type":"WebSite","@id":"https:\/\/www.giessegi.com\/en\/#website","url":"https:\/\/www.giessegi.com\/en\/","name":"Giessegi","description":"","publisher":{"@id":"https:\/\/www.giessegi.com\/en\/#organization"},"potentialAction":[{"@type":"SearchAction","target":{"@type":"EntryPoint","urlTemplate":"https:\/\/www.giessegi.com\/en\/?s={search_term_string}"},"query-input":{"@type":"PropertyValueSpecification","valueRequired":true,"valueName":"search_term_string"}}],"inLanguage":"de"},{"@type":"Organization","@id":"https:\/\/www.giessegi.com\/en\/#organization","name":"Giessegi","url":"https:\/\/www.giessegi.com\/en\/","logo":{"@type":"ImageObject","inLanguage":"de","@id":"https:\/\/www.giessegi.com\/en\/#\/schema\/logo\/image\/","url":"https:\/\/www.giessegi.com\/wp-content\/uploads\/2022\/09\/giessegi-logo.jpeg","contentUrl":"https:\/\/www.giessegi.com\/wp-content\/uploads\/2022\/09\/giessegi-logo.jpeg","width":175,"height":77,"caption":"Giessegi"},"image":{"@id":"https:\/\/www.giessegi.com\/en\/#\/schema\/logo\/image\/"}}]}},"_links":{"self":[{"href":"https:\/\/www.giessegi.com\/de\/wp-json\/wp\/v2\/product\/76422","targetHints":{"allow":["GET"]}}],"collection":[{"href":"https:\/\/www.giessegi.com\/de\/wp-json\/wp\/v2\/product"}],"about":[{"href":"https:\/\/www.giessegi.com\/de\/wp-json\/wp\/v2\/types\/product"}],"wp:featuredmedia":[{"embeddable":true,"href":"https:\/\/www.giessegi.com\/de\/wp-json\/wp\/v2\/media\/76425"}],"wp:attachment":[{"href":"https:\/\/www.giessegi.com\/de\/wp-json\/wp\/v2\/media?parent=76422"}],"wp:term":[{"taxonomy":"product_brand","embeddable":true,"href":"https:\/\/www.giessegi.com\/de\/wp-json\/wp\/v2\/product_brand?post=76422"},{"taxonomy":"product_cat","embeddable":true,"href":"https:\/\/www.giessegi.com\/de\/wp-json\/wp\/v2\/product_cat?post=76422"},{"taxonomy":"product_tag","embeddable":true,"href":"https:\/\/www.giessegi.com\/de\/wp-json\/wp\/v2\/product_tag?post=76422"},{"taxonomy":"collezione","embeddable":true,"href":"https:\/\/www.giessegi.com\/de\/wp-json\/wp\/v2\/collezione?post=76422"}],"curies":[{"name":"wp","href":"https:\/\/api.w.org\/{rel}","templated":true}]}}

<p class="p1">Die <span class="s1"><b>Artic Winter-Radjacke</b></span> wurde entwickelt, um <span class="s1"><b>Schutz, Wärme und Komfort</b></span> bei extremen Witterungsbedingungen zu bieten.</p>
<p class="p1">Gefertigt aus <span class="s1"><b>Wintdex Bi-Stretch-Fleece-Gewebe</b></span> mit <span class="s1"><b>wind- und wasserdichter Membran (10.000 mm)</b></span>, sorgt sie für optimale Isolierung und Atmungsaktivität.</p>
<p class="p3"><b>Hauptmerkmale:</b><b></b></p>
<ul>
<li>
<p class="p1"><b>Material:</b><span class="s1"> warmes, elastisches, angerautes Wintergewebe mit </span><b>10.000 mm wasserdichter und winddichter Membran</b><span class="s1">.</span></p>
</li>
<li>
<p class="p1"><span class="s1"><b>Reißverschluss:</b></span> verdeckt, mit selbstblockierendem Schieber.</p>
</li>
<li>
<p class="p1"><span class="s1"><b>Ärmelabschluss:</b></span> Laserschnitt für komfortablen Sitz und Wetterschutz.</p>
</li>
<li>
<p class="p1"><span class="s1"><b>Vorderer Saum:</b></span> mit Umschlag für stabilen Halt.</p>
</li>
<li>
<p class="p1"><b>Hinterer Saum:</b> <b>Laserschnitt mit Silikoneinsatz</b><span class="s1"> für rutschfesten Sitz.</span></p>
</li>
<li>
<p class="p1"><span class="s1"><b>Reflektierend:</b></span> Reflex-Etikett an der Seite für bessere Sichtbarkeit.</p>
</li>
<li>
<p class="p1"><b>Taschen:</b><span class="s1"> drei offene Rückentaschen + </span><b>eine seitliche Reißverschlusstasche mit wasserdichtem Futter</b><span class="s1">.</span></p>
</li>
</ul>
<p class="p1">Erhältlich in <span class="s1"><b>Größen XXS–5XL</b></span>, bietet die <span class="s1"><b>Artic Jacke</b></span> <span class="s1"><b>Wärme, Witterungsschutz und Komfort</b></span> – ideal für anspruchsvolle Wintertouren.</p>

<p class="p1"><b>Artic Winter-Radjacke</b><span class="s1"> aus </span><b>Wintdex angerautem Bi-Stretch-Gewebe</b><span class="s1"> mit </span><b>wind- und wasserdichter Membran (10.000 mm)</b><span class="s1">.</span></p>
<p class="p2">Verdeckter Reißverschluss, Laserschnitt-Bündchen und vier Rückentaschen, davon eine wasserdicht mit Reißverschluss.</p>

<!-- This site is optimized with the Yoast SEO plugin v27.3 - https://yoast.com/product/yoast-seo-wordpress/ -->
<title>ARTIC WINTER JACKE | GSG - Giessegi</title>
<meta name="robots" content="index, follow, max-snippet:-1, max-image-preview:large, max-video-preview:-1" />
<link rel="canonical" href="https://www.giessegi.com/de/produkt/artic-winter-jacke/" />
<meta property="og:locale" content="de_DE" />
<meta property="og:type" content="article" />
<meta property="og:title" content="ARTIC WINTER JACKE | GSG - Giessegi" />
<meta property="og:description" content="Artic Winter-Radjacke aus Wintdex angerautem Bi-Stretch-Gewebe mit wind- und wasserdichter Membran (10.000 mm). Verdeckter Reißverschluss, Laserschnitt-Bündchen und vier Rückentaschen, davon eine wasserdicht mit Reißverschluss." />
<meta property="og:url" content="https://www.giessegi.com/de/produkt/artic-winter-jacke/" />
<meta property="og:site_name" content="GSG - Giessegi" />
<meta property="article:modified_time" content="2025-11-02T15:26:17+00:00" />
<meta property="og:image" content="https://www.giessegi.com/wp-content/uploads/2025/11/10245-fr-copia.jpg" />
	<meta property="og:image:width" content="1000" />
	<meta property="og:image:height" content="1028" />
	<meta property="og:image:type" content="image/jpeg" />
<meta name="twitter:card" content="summary_large_image" />
<meta name="twitter:label1" content="Geschätzte Lesezeit" />
	<meta name="twitter:data1" content="1 Minute" />
<script type="application/ld+json" class="yoast-schema-graph">{"@context":"https:\/\/schema.org","@graph":[{"@type":"WebPage","@id":"https:\/\/www.giessegi.com\/de\/produkt\/artic-winter-jacke\/","url":"https:\/\/www.giessegi.com\/de\/produkt\/artic-winter-jacke\/","name":"ARTIC WINTER JACKE | GSG - Giessegi","isPartOf":{"@id":"https:\/\/www.giessegi.com\/en\/#website"},"primaryImageOfPage":{"@id":"https:\/\/www.giessegi.com\/de\/produkt\/artic-winter-jacke\/#primaryimage"},"image":{"@id":"https:\/\/www.giessegi.com\/de\/produkt\/artic-winter-jacke\/#primaryimage"},"thumbnailUrl":"https:\/\/www.giessegi.com\/wp-content\/uploads\/2025\/11\/10245-fr-copia.jpg","datePublished":"2025-11-02T15:20:26+00:00","dateModified":"2025-11-02T15:26:17+00:00","breadcrumb":{"@id":"https:\/\/www.giessegi.com\/de\/produkt\/artic-winter-jacke\/#breadcrumb"},"inLanguage":"de","potentialAction":[{"@type":"ReadAction","target":["https:\/\/www.giessegi.com\/de\/produkt\/artic-winter-jacke\/"]}]},{"@type":"ImageObject","inLanguage":"de","@id":"https:\/\/www.giessegi.com\/de\/produkt\/artic-winter-jacke\/#primaryimage","url":"https:\/\/www.giessegi.com\/wp-content\/uploads\/2025\/11\/10245-fr-copia.jpg","contentUrl":"https:\/\/www.giessegi.com\/wp-content\/uploads\/2025\/11\/10245-fr-copia.jpg","width":1000,"height":1028},{"@type":"BreadcrumbList","@id":"https:\/\/www.giessegi.com\/de\/produkt\/artic-winter-jacke\/#breadcrumb","itemListElement":[{"@type":"ListItem","position":1,"name":"Home","item":"https:\/\/www.giessegi.com\/"},{"@type":"ListItem","position":2,"name":"Products","item":"https:\/\/www.giessegi.com\/en\/shop\/"},{"@type":"ListItem","position":3,"name":"ARTIC WINTER JACKE"}]},{"@type":"WebSite","@id":"https:\/\/www.giessegi.com\/en\/#website","url":"https:\/\/www.giessegi.com\/en\/","name":"Giessegi","description":"","publisher":{"@id":"https:\/\/www.giessegi.com\/en\/#organization"},"potentialAction":[{"@type":"SearchAction","target":{"@type":"EntryPoint","urlTemplate":"https:\/\/www.giessegi.com\/en\/?s={search_term_string}"},"query-input":{"@type":"PropertyValueSpecification","valueRequired":true,"valueName":"search_term_string"}}],"inLanguage":"de"},{"@type":"Organization","@id":"https:\/\/www.giessegi.com\/en\/#organization","name":"Giessegi","url":"https:\/\/www.giessegi.com\/en\/","logo":{"@type":"ImageObject","inLanguage":"de","@id":"https:\/\/www.giessegi.com\/en\/#\/schema\/logo\/image\/","url":"https:\/\/www.giessegi.com\/wp-content\/uploads\/2022\/09\/giessegi-logo.jpeg","contentUrl":"https:\/\/www.giessegi.com\/wp-content\/uploads\/2022\/09\/giessegi-logo.jpeg","width":175,"height":77,"caption":"Giessegi"},"image":{"@id":"https:\/\/www.giessegi.com\/en\/#\/schema\/logo\/image\/"}}]}</script>
<!-- / Yoast SEO plugin. -->

Artic Winter-Radjacke aus Wintdex angerautem Bi-Stretch-Gewebe mit wind- und wasserdichter Membran (10.000 mm). Verdeckter Reißverschluss, Laserschnitt-Bündchen und vier Rückentaschen, davon eine wasserdicht mit Reißverschluss.
